{"id":134,"date":"2025-08-28T11:51:47","date_gmt":"2025-08-28T11:51:47","guid":{"rendered":"https:\/\/laerke-reden.dk\/?page_id=134"},"modified":"2025-08-28T11:53:30","modified_gmt":"2025-08-28T11:53:30","slug":"om-mig","status":"publish","type":"page","link":"https:\/\/laerke-reden.dk\/index.php\/om-mig\/","title":{"rendered":"Om mig"},"content":{"rendered":"\n<p>Jeg hedder Katrine, og er fra \u00e5rgangen 1983. Jeg bor i et hus i det vestlige Horsens sammen med mine 2 dejlige b\u00f8rn, Frida fra 2013 og Aksel fra 2016. Jeg har ogs\u00e5 en voksen s\u00f8n fra 2004, som er flyttet hjemmefra. Han hedder Marcus. <\/p>\n\n\n\n<p>Jeg er en ildsj\u00e6l, jeg br\u00e6nder for det jeg laver, og laver det jeg br\u00e6nder for\u00a0&#8211; at arbejde med mennesker. Derfor har jeg bev\u00e6get mig indenfor det p\u00e6dagogiske omr\u00e5de, hvor jeg gennem tiden har arbejdet i b\u00f8rnehave, vuggestue, i folkeskolen samt p\u00e5 plejehjem og sygehus. Jeg er yogal\u00e6rer og certificeret b\u00f8rneyogal\u00e6rer, og det er en del af hverdagen for b\u00f8rnene.<\/p>\n\n\n\n<p id=\"wnd_TextBlock_125321_inner_1\">Jeg elsker at arbejde med de helt sm\u00e5 st\u00f8rrelser, for det giver s\u00e5 fantastisk meget, at f\u00e5 lov til at hj\u00e6lpe de sm\u00e5 f\u00f8dder igang. At hj\u00e6lpe til et trygt startskud til et kommende selvst\u00e6ndigt liv, er motivation i sig selv for mig. Jeg l\u00e6gger stor v\u00e6gt p\u00e5, at b\u00f8rnene f\u00e5r en genkendelig hverdag med omsorg, \u00f8jenkontakt og glade smil, masser af n\u00e6rv\u00e6r og krammere \ud83d\ude42&nbsp; &nbsp;<\/p>\n\n\n\n<p id=\"wnd_TextBlock_125321_inner_2\">*Huset har genveksanl\u00e6g som sikrer et sundt indeklima.&nbsp;<\/p>\n\n\n\n<p>*Jeg er godkendt af Horsens kommune til at have en privat pasningsordning.<\/p>\n","protected":false},"excerpt":{"rendered":"<p>Jeg hedder Katrine, og er fra \u00e5rgangen 1983. Jeg bor i et hus i det vestlige Horsens sammen med mine 2 dejlige b\u00f8rn, Frida fra 2013 og Aksel fra 2016. Jeg har ogs\u00e5 en voksen s\u00f8n fra 2004, som er flyttet hjemmefra. Han hedder Marcus. Jeg er en ildsj\u00e6l, jeg br\u00e6nder for det jeg laver, &hellip; <\/p>\n<p class=\"link-more\"><a href=\"https:\/\/laerke-reden.dk\/index.php\/om-mig\/\" class=\"more-link\">L\u00e6s videre<span class=\"screen-reader-text\"> &#8220;Om mig&#8221;<\/span><\/a><\/p>\n","protected":false},"author":1,"featured_media":0,"parent":0,"menu_order":0,"comment_status":"closed","ping_status":"closed","template":"","meta":{"footnotes":""},"class_list":["post-134","page","type-page","status-publish","hentry"],"yoast_head":"<!-- This site is optimized with the Yoast SEO plugin v27.1.1 - https:\/\/yoast.com\/product\/yoast-seo-wordpress\/ -->\n<title>Om mig - L&aelig;rkereden<\/title>\n<meta name=\"robots\" content=\"index, follow, max-snippet:-1, max-image-preview:large, max-video-preview:-1\" \/>\n<link rel=\"canonical\" href=\"https:\/\/laerke-reden.dk\/index.php\/om-mig\/\" \/>\n<meta property=\"og:locale\" content=\"da_DK\" \/>\n<meta property=\"og:type\" content=\"article\" \/>\n<meta property=\"og:title\" content=\"Om mig - L&aelig;rkereden\" \/>\n<meta property=\"og:description\" content=\"Jeg hedder Katrine, og er fra \u00e5rgangen 1983. Jeg bor i et hus i det vestlige Horsens sammen med mine 2 dejlige b\u00f8rn, Frida fra 2013 og Aksel fra 2016. Jeg har ogs\u00e5 en voksen s\u00f8n fra 2004, som er flyttet hjemmefra. Han hedder Marcus. Jeg er en ildsj\u00e6l, jeg br\u00e6nder for det jeg laver, &hellip; L\u00e6s videre &quot;Om mig&quot;\" \/>\n<meta property=\"og:url\" content=\"https:\/\/laerke-reden.dk\/index.php\/om-mig\/\" \/>\n<meta property=\"og:site_name\" content=\"L&aelig;rkereden\" \/>\n<meta property=\"article:modified_time\" content=\"2025-08-28T11:53:30+00:00\" \/>\n<meta name=\"twitter:card\" content=\"summary_large_image\" \/>\n<meta name=\"twitter:label1\" content=\"Estimeret l\u00e6setid\" \/>\n\t<meta name=\"twitter:data1\" content=\"1 minut\" \/>\n<script type=\"application\/ld+json\" class=\"yoast-schema-graph\">{\"@context\":\"https:\/\/schema.org\",\"@graph\":[{\"@type\":\"WebPage\",\"@id\":\"https:\/\/laerke-reden.dk\/index.php\/om-mig\/\",\"url\":\"https:\/\/laerke-reden.dk\/index.php\/om-mig\/\",\"name\":\"Om mig - L&aelig;rkereden\",\"isPartOf\":{\"@id\":\"http:\/\/laerke-reden.dk\/#website\"},\"datePublished\":\"2025-08-28T11:51:47+00:00\",\"dateModified\":\"2025-08-28T11:53:30+00:00\",\"breadcrumb\":{\"@id\":\"https:\/\/laerke-reden.dk\/index.php\/om-mig\/#breadcrumb\"},\"inLanguage\":\"da-DK\",\"potentialAction\":[{\"@type\":\"ReadAction\",\"target\":[\"https:\/\/laerke-reden.dk\/index.php\/om-mig\/\"]}]},{\"@type\":\"BreadcrumbList\",\"@id\":\"https:\/\/laerke-reden.dk\/index.php\/om-mig\/#breadcrumb\",\"itemListElement\":[{\"@type\":\"ListItem\",\"position\":1,\"name\":\"Hjem\",\"item\":\"http:\/\/laerke-reden.dk\/\"},{\"@type\":\"ListItem\",\"position\":2,\"name\":\"Om mig\"}]},{\"@type\":\"WebSite\",\"@id\":\"http:\/\/laerke-reden.dk\/#website\",\"url\":\"http:\/\/laerke-reden.dk\/\",\"name\":\"L&aelig;rkereden\",\"description\":\"\",\"potentialAction\":[{\"@type\":\"SearchAction\",\"target\":{\"@type\":\"EntryPoint\",\"urlTemplate\":\"http:\/\/laerke-reden.dk\/?s={search_term_string}\"},\"query-input\":{\"@type\":\"PropertyValueSpecification\",\"valueRequired\":true,\"valueName\":\"search_term_string\"}}],\"inLanguage\":\"da-DK\"}]}<\/script>\n<!-- \/ Yoast SEO plugin. -->","yoast_head_json":{"title":"Om mig - L&aelig;rkereden","robots":{"index":"index","follow":"follow","max-snippet":"max-snippet:-1","max-image-preview":"max-image-preview:large","max-video-preview":"max-video-preview:-1"},"canonical":"https:\/\/laerke-reden.dk\/index.php\/om-mig\/","og_locale":"da_DK","og_type":"article","og_title":"Om mig - L&aelig;rkereden","og_description":"Jeg hedder Katrine, og er fra \u00e5rgangen 1983. Jeg bor i et hus i det vestlige Horsens sammen med mine 2 dejlige b\u00f8rn, Frida fra 2013 og Aksel fra 2016. Jeg har ogs\u00e5 en voksen s\u00f8n fra 2004, som er flyttet hjemmefra. Han hedder Marcus. Jeg er en ildsj\u00e6l, jeg br\u00e6nder for det jeg laver, &hellip; L\u00e6s videre \"Om mig\"","og_url":"https:\/\/laerke-reden.dk\/index.php\/om-mig\/","og_site_name":"L&aelig;rkereden","article_modified_time":"2025-08-28T11:53:30+00:00","twitter_card":"summary_large_image","twitter_misc":{"Estimeret l\u00e6setid":"1 minut"},"schema":{"@context":"https:\/\/schema.org","@graph":[{"@type":"WebPage","@id":"https:\/\/laerke-reden.dk\/index.php\/om-mig\/","url":"https:\/\/laerke-reden.dk\/index.php\/om-mig\/","name":"Om mig - L&aelig;rkereden","isPartOf":{"@id":"http:\/\/laerke-reden.dk\/#website"},"datePublished":"2025-08-28T11:51:47+00:00","dateModified":"2025-08-28T11:53:30+00:00","breadcrumb":{"@id":"https:\/\/laerke-reden.dk\/index.php\/om-mig\/#breadcrumb"},"inLanguage":"da-DK","potentialAction":[{"@type":"ReadAction","target":["https:\/\/laerke-reden.dk\/index.php\/om-mig\/"]}]},{"@type":"BreadcrumbList","@id":"https:\/\/laerke-reden.dk\/index.php\/om-mig\/#breadcrumb","itemListElement":[{"@type":"ListItem","position":1,"name":"Hjem","item":"http:\/\/laerke-reden.dk\/"},{"@type":"ListItem","position":2,"name":"Om mig"}]},{"@type":"WebSite","@id":"http:\/\/laerke-reden.dk\/#website","url":"http:\/\/laerke-reden.dk\/","name":"L&aelig;rkereden","description":"","potentialAction":[{"@type":"SearchAction","target":{"@type":"EntryPoint","urlTemplate":"http:\/\/laerke-reden.dk\/?s={search_term_string}"},"query-input":{"@type":"PropertyValueSpecification","valueRequired":true,"valueName":"search_term_string"}}],"inLanguage":"da-DK"}]}},"_links":{"self":[{"href":"https:\/\/laerke-reden.dk\/index.php\/wp-json\/wp\/v2\/pages\/134","targetHints":{"allow":["GET"]}}],"collection":[{"href":"https:\/\/laerke-reden.dk\/index.php\/wp-json\/wp\/v2\/pages"}],"about":[{"href":"https:\/\/laerke-reden.dk\/index.php\/wp-json\/wp\/v2\/types\/page"}],"author":[{"embeddable":true,"href":"https:\/\/laerke-reden.dk\/index.php\/wp-json\/wp\/v2\/users\/1"}],"replies":[{"embeddable":true,"href":"https:\/\/laerke-reden.dk\/index.php\/wp-json\/wp\/v2\/comments?post=134"}],"version-history":[{"count":3,"href":"https:\/\/laerke-reden.dk\/index.php\/wp-json\/wp\/v2\/pages\/134\/revisions"}],"predecessor-version":[{"id":139,"href":"https:\/\/laerke-reden.dk\/index.php\/wp-json\/wp\/v2\/pages\/134\/revisions\/139"}],"wp:attachment":[{"href":"https:\/\/laerke-reden.dk\/index.php\/wp-json\/wp\/v2\/media?parent=134"}],"curies":[{"name":"wp","href":"https:\/\/api.w.org\/{rel}","templated":true}]}}