{"id":21,"date":"2024-10-01T14:43:36","date_gmt":"2024-10-01T14:43:36","guid":{"rendered":"https:\/\/laerke-reden.dk\/?page_id=21"},"modified":"2025-09-01T11:23:42","modified_gmt":"2025-09-01T11:23:42","slug":"hjem","status":"publish","type":"page","link":"https:\/\/laerke-reden.dk\/","title":{"rendered":"Velkommen til L\u00e6rkereden"},"content":{"rendered":"\n<h3 class=\"wp-block-heading\"><em>En privat pasningsordning i Horsens for b\u00f8rn i alderen 0-3 \u00e5r<\/em><\/h3>\n\n\n\n<p>Trygge rammer og t\u00e6t p\u00e5 naturen<\/p>\n\n\n\n<p><\/p>\n\n\n\n<p><\/p>\n","protected":false},"excerpt":{"rendered":"<p>En privat pasningsordning i Horsens for b\u00f8rn i alderen 0-3 \u00e5r Trygge rammer og t\u00e6t p\u00e5 naturen<\/p>\n","protected":false},"author":1,"featured_media":0,"parent":0,"menu_order":0,"comment_status":"closed","ping_status":"closed","template":"","meta":{"footnotes":""},"class_list":["post-21","page","type-page","status-publish","hentry"],"yoast_head":"<!-- This site is optimized with the Yoast SEO plugin v27.1.1 - https:\/\/yoast.com\/product\/yoast-seo-wordpress\/ -->\n<title>Velkommen til L\u00e6rkereden - L&aelig;rkereden<\/title>\n<meta name=\"description\" content=\"S\u00f8ger i en Privat Pasningsordning i Horsens Kommune? Hos L\u00e6rkereden har vi plads til det enkelte barn. Vores dage f\u00f8lger jeres barns behov\" \/>\n<meta name=\"robots\" content=\"index, follow, max-snippet:-1, max-image-preview:large, max-video-preview:-1\" \/>\n<link rel=\"canonical\" href=\"http:\/\/laerke-reden.dk\/\" \/>\n<meta property=\"og:locale\" content=\"da_DK\" \/>\n<meta property=\"og:type\" content=\"article\" \/>\n<meta property=\"og:title\" content=\"Velkommen til L\u00e6rkereden - L&aelig;rkereden\" \/>\n<meta property=\"og:description\" content=\"S\u00f8ger i en Privat Pasningsordning i Horsens Kommune? Hos L\u00e6rkereden har vi plads til det enkelte barn. Vores dage f\u00f8lger jeres barns behov\" \/>\n<meta property=\"og:url\" content=\"http:\/\/laerke-reden.dk\/\" \/>\n<meta property=\"og:site_name\" content=\"L&aelig;rkereden\" \/>\n<meta property=\"article:modified_time\" content=\"2025-09-01T11:23:42+00:00\" \/>\n<meta name=\"twitter:card\" content=\"summary_large_image\" \/>\n<meta name=\"twitter:label1\" content=\"Estimeret l\u00e6setid\" \/>\n\t<meta name=\"twitter:data1\" content=\"1 minut\" \/>\n<script type=\"application\/ld+json\" class=\"yoast-schema-graph\">{\"@context\":\"https:\/\/schema.org\",\"@graph\":[{\"@type\":\"WebPage\",\"@id\":\"http:\/\/laerke-reden.dk\/\",\"url\":\"http:\/\/laerke-reden.dk\/\",\"name\":\"Velkommen til L\u00e6rkereden - L&aelig;rkereden\",\"isPartOf\":{\"@id\":\"http:\/\/laerke-reden.dk\/#website\"},\"datePublished\":\"2024-10-01T14:43:36+00:00\",\"dateModified\":\"2025-09-01T11:23:42+00:00\",\"description\":\"S\u00f8ger i en Privat Pasningsordning i Horsens Kommune? Hos L\u00e6rkereden har vi plads til det enkelte barn. Vores dage f\u00f8lger jeres barns behov\",\"breadcrumb\":{\"@id\":\"http:\/\/laerke-reden.dk\/#breadcrumb\"},\"inLanguage\":\"da-DK\",\"potentialAction\":[{\"@type\":\"ReadAction\",\"target\":[\"http:\/\/laerke-reden.dk\/\"]}]},{\"@type\":\"BreadcrumbList\",\"@id\":\"http:\/\/laerke-reden.dk\/#breadcrumb\",\"itemListElement\":[{\"@type\":\"ListItem\",\"position\":1,\"name\":\"Hjem\",\"item\":\"http:\/\/laerke-reden.dk\/\"},{\"@type\":\"ListItem\",\"position\":2,\"name\":\"Velkommen til L\u00e6rkereden\"}]},{\"@type\":\"WebSite\",\"@id\":\"http:\/\/laerke-reden.dk\/#website\",\"url\":\"http:\/\/laerke-reden.dk\/\",\"name\":\"L&aelig;rkereden\",\"description\":\"\",\"potentialAction\":[{\"@type\":\"SearchAction\",\"target\":{\"@type\":\"EntryPoint\",\"urlTemplate\":\"http:\/\/laerke-reden.dk\/?s={search_term_string}\"},\"query-input\":{\"@type\":\"PropertyValueSpecification\",\"valueRequired\":true,\"valueName\":\"search_term_string\"}}],\"inLanguage\":\"da-DK\"}]}<\/script>\n<!-- \/ Yoast SEO plugin. -->","yoast_head_json":{"title":"Velkommen til L\u00e6rkereden - L&aelig;rkereden","description":"S\u00f8ger i en Privat Pasningsordning i Horsens Kommune? Hos L\u00e6rkereden har vi plads til det enkelte barn. Vores dage f\u00f8lger jeres barns behov","robots":{"index":"index","follow":"follow","max-snippet":"max-snippet:-1","max-image-preview":"max-image-preview:large","max-video-preview":"max-video-preview:-1"},"canonical":"http:\/\/laerke-reden.dk\/","og_locale":"da_DK","og_type":"article","og_title":"Velkommen til L\u00e6rkereden - L&aelig;rkereden","og_description":"S\u00f8ger i en Privat Pasningsordning i Horsens Kommune? Hos L\u00e6rkereden har vi plads til det enkelte barn. Vores dage f\u00f8lger jeres barns behov","og_url":"http:\/\/laerke-reden.dk\/","og_site_name":"L&aelig;rkereden","article_modified_time":"2025-09-01T11:23:42+00:00","twitter_card":"summary_large_image","twitter_misc":{"Estimeret l\u00e6setid":"1 minut"},"schema":{"@context":"https:\/\/schema.org","@graph":[{"@type":"WebPage","@id":"http:\/\/laerke-reden.dk\/","url":"http:\/\/laerke-reden.dk\/","name":"Velkommen til L\u00e6rkereden - L&aelig;rkereden","isPartOf":{"@id":"http:\/\/laerke-reden.dk\/#website"},"datePublished":"2024-10-01T14:43:36+00:00","dateModified":"2025-09-01T11:23:42+00:00","description":"S\u00f8ger i en Privat Pasningsordning i Horsens Kommune? Hos L\u00e6rkereden har vi plads til det enkelte barn. Vores dage f\u00f8lger jeres barns behov","breadcrumb":{"@id":"http:\/\/laerke-reden.dk\/#breadcrumb"},"inLanguage":"da-DK","potentialAction":[{"@type":"ReadAction","target":["http:\/\/laerke-reden.dk\/"]}]},{"@type":"BreadcrumbList","@id":"http:\/\/laerke-reden.dk\/#breadcrumb","itemListElement":[{"@type":"ListItem","position":1,"name":"Hjem","item":"http:\/\/laerke-reden.dk\/"},{"@type":"ListItem","position":2,"name":"Velkommen til L\u00e6rkereden"}]},{"@type":"WebSite","@id":"http:\/\/laerke-reden.dk\/#website","url":"http:\/\/laerke-reden.dk\/","name":"L&aelig;rkereden","description":"","potentialAction":[{"@type":"SearchAction","target":{"@type":"EntryPoint","urlTemplate":"http:\/\/laerke-reden.dk\/?s={search_term_string}"},"query-input":{"@type":"PropertyValueSpecification","valueRequired":true,"valueName":"search_term_string"}}],"inLanguage":"da-DK"}]}},"_links":{"self":[{"href":"https:\/\/laerke-reden.dk\/index.php\/wp-json\/wp\/v2\/pages\/21","targetHints":{"allow":["GET"]}}],"collection":[{"href":"https:\/\/laerke-reden.dk\/index.php\/wp-json\/wp\/v2\/pages"}],"about":[{"href":"https:\/\/laerke-reden.dk\/index.php\/wp-json\/wp\/v2\/types\/page"}],"author":[{"embeddable":true,"href":"https:\/\/laerke-reden.dk\/index.php\/wp-json\/wp\/v2\/users\/1"}],"replies":[{"embeddable":true,"href":"https:\/\/laerke-reden.dk\/index.php\/wp-json\/wp\/v2\/comments?post=21"}],"version-history":[{"count":6,"href":"https:\/\/laerke-reden.dk\/index.php\/wp-json\/wp\/v2\/pages\/21\/revisions"}],"predecessor-version":[{"id":57,"href":"https:\/\/laerke-reden.dk\/index.php\/wp-json\/wp\/v2\/pages\/21\/revisions\/57"}],"wp:attachment":[{"href":"https:\/\/laerke-reden.dk\/index.php\/wp-json\/wp\/v2\/media?parent=21"}],"curies":[{"name":"wp","href":"https:\/\/api.w.org\/{rel}","templated":true}]}}